ighest common factor of 214953 and 43409?
523
Calculate the greatest common divisor of 5440 and 692495.
85
What is the highest common divisor of 1687465 and 49075?
65
What is the highest common divisor of 296 and 1857324?
4
Calculate the greatest common factor of 180 and 60189.
3
Calculate the highest common divisor of 291 and 170361973.
97
Calculate the greatest common divisor of 1122 and 1039720.
374
What is the highest common factor of 36 and 124414317?
9
Calculate the highest common factor of 68 and 38830380.
68
What is the highest common divisor of 240 and 127367920?
80
Calculate the greatest common divisor of 854165 and 301665.
1105
Calculate the highest common divisor of 972 and 11757924.
36
Calculate the highest common divisor of 2233328 and 9312.
1552
What is the highest common divisor of 80 and 27994640?
80
Calculate the highest common factor of 22548 and 14088.
12
What is the highest common factor of 4628 and 7200812?
356
Calculate the greatest common factor of 5 and 2476615.
5
Calculate the greatest common divisor of 1593625 and 16720.
1045
What is the greatest common factor of 223 and 521465653?
223
What is the greatest common divisor of 2448150 and 855?
285
What is the greatest common factor of 194048 and 1597696?
256
Calculate the highest common factor of 227 and 1905405993.
227
Calculate the highest common divisor of 423266016 and 1816.
1816
What is the highest common factor of 183484 and 86212?
28
Calculate the greatest common divisor of 446066 and 246068.
542
What is the highest common factor of 76419063 and 1071?
1071
What is the highest common factor of 308776 and 11273293?
2969
What is the highest common factor of 1424918343 and 10866?
5433
Calculate the highest common divisor of 10872792 and 84.
84
What is the highest common factor of 1598918 and 7769?
17
Calculate the highest common divisor of 10788409 and 38.
19
Calculate the highest common factor of 4321089 and 1679.
73
What is the greatest common factor of 4750 and 535812350?
950
What is the highest common factor of 56683050 and 2850?
150
Calculate the greatest common factor of 765349067 and 16106.
8053
Calculate the highest common divisor of 228114 and 9565911.
4959
What is the greatest common factor of 245300 and 53966?
4906
What is the highest common factor of 14421225 and 91?
91
What is the greatest common factor of 24 and 45298332?
12
Calculate the highest common factor of 40 and 5695898840.
40
Calculate the highest common divisor of 459283 and 1614773.
971
Calculate the highest common divisor of 233785 and 80.
5
What is the greatest common divisor of 565755765 and 5835?
5835
Calculate the greatest common factor of 25527 and 4623.
201
What is the greatest common factor of 5219924 and 12?
4
What is the greatest common factor of 250371 and 7227?
99
Calculate the greatest common factor of 22677127 and 19.
19
What is the highest common divisor of 38 and 21129767?
19
Calculate the highest common factor of 1541723799 and 33.
33
What is the highest common factor of 1991409 and 6954?
57
Calculate the greatest common factor of 16630 and 286670.
10
Calculate the greatest common divisor of 3038 and 2172968.
14
Calculate the highest common factor of 109004 and 391136.
68
Calculate the greatest common factor of 444149 and 641941.
883
Calculate the greatest common factor of 16174 and 168848473.
8087
Calculate the greatest common factor of 76820 and 57500.
460
Calculate the greatest common factor of 1124 and 185661758.
562
What is the greatest common factor of 156944 and 6353924?
2308
Calculate the greatest common factor of 33290 and 12970.
10
Calculate the greatest common divisor of 60748446 and 22.
22
Calculate the greatest common factor of 186626680 and 170.
170
What is the greatest common factor of 72 and 12028296?
24
What is the greatest common divisor of 766922 and 5707?
13
What is the greatest common factor of 417452850 and 425?
425
Calculate the greatest common factor of 87640 and 40960.
40
What is the greatest common factor of 679055 and 18785?
65
Calculate the greatest common divisor of 3103510 and 13810.
10
Calculate the highest common divisor of 1405590 and 42.
6
What is the highest common factor of 1189486 and 365299?
3019
Calculate the highest common divisor of 1615187 and 1108.
277
Calculate the highest common factor of 79091333 and 2061.
229
Calculate the highest common divisor of 9270230 and 106.
106
Calculate the highest common factor of 338282 and 377921.
73
What is the greatest common divisor of 262928286 and 36?
18
Calculate the greatest common factor of 9 and 28108560.
3
Calculate the greatest common divisor of 9068463 and 153.
153
Calculate the highest common divisor of 1782 and 74294.
22
Calculate the highest common divisor of 8766 and 10709617.
487
What is the highest common divisor of 50985 and 2888820?
495
What is the greatest common factor of 4052713821 and 9997?
9997
What is the greatest common factor of 34944 and 1183182?
546
What is the highest common factor of 4991353 and 2397?
799
Calculate the highest common divisor of 56 and 1238944.
56
What is the greatest common divisor of 2301 and 14512938?
177
Calculate the greatest common divisor of 7 and 1917705643.
7
What is the greatest common divisor of 454995 and 90?
45
What is the highest common divisor of 29008 and 8241232?
592
What is the greatest common divisor of 58063872 and 6915?
1383
Calculate the highest common factor of 11293005 and 30.
15
Calculate the highest common divisor of 3380 and 112440380.
260
What is the highest common factor of 7334054 and 91?
91
Calculate the greatest common factor of 561 and 845567811.
561
Calculate the highest common factor of 17757512 and 5104.
232
What is the greatest common factor of 45760 and 290420?
260
Calculate the greatest common divisor of 20060 and 148495.
85
Calculate the greatest common divisor of 4354353 and 558.
279
What is the greatest common factor of 166 and 236697657?
83
Calculate the greatest common divisor of 424094 and 24013.
407
What is the highest common divisor of 89 and 39742772?
89
What is the highest common factor of 1833 and 109694663?
611
Calculate the highest common divisor of 24680030 and 4030.
310
What is the highest common divisor of 1286698 and 730?
146
What is the highest common factor of 2430084 and 4296?
12
Calculate the highest common factor of 469481544 and 24.
24
What is the greatest common divisor of 9861561 and 216?
27
Calculate the greatest common factor of 2905 and 59589103.
581
What is the greatest common divisor of 3189289 and 19536?
37
What is the greatest common factor of 519849 and 1529?
11
Calculate the highest common factor of 4371 and 165513743.
1457
What is the highest common divisor of 152 and 8688396?
76
What is the greatest common factor of 3654 and 20136672?
522
Calculate the highest common factor of 976 and 1161305312.
976
Calculate the greatest common divisor of 918 and 863634.
102
Calculate the highest common factor of 16710 and 465.
15
Calculate the highest common divisor of 3329471 and 15712.
491
Calculate the highest common factor of 31723766 and 6708.
86
What is the greatest common divisor of 1655994516 and 198?
66
What is the greatest common divisor of 55 and 19756429?
11
Calculate the highest common divisor of 64384 and 31.
1
What is the greatest common divisor of 280 and 50339520?
280
Calculate the highest common factor of 8316757 and 2529.
281
Calculate the highest common divisor of 4478312 and 6456.
2152
What is the greatest common divisor of 140 and 251165?
5
What is the greatest common divisor of 360 and 4906320?
120
Calculate the greatest common factor of 52513797 and 203.
7
What is the greatest common divisor of 9963 and 33907?
41
Calculate the greatest common factor of 182 and 3298815.
13
Calculate the greatest common divisor of 149988 and 114492.
348
Calculate the greatest common factor of 126105 and 39648.
21
What is the highest common divisor of 34 and 1215557494?
34
What is the highest common divisor of 904 and 61724216?
904
Calculate the highest common factor of 2281 and 683164062.
2281
What is the greatest common divisor of 52762 and 587512?
1426
What is the greatest common divisor of 11340 and 778861440?
3780
Calculate the highest common factor of 103180541 and 22808.
2851
Wh